 is the value of (17 - 11) + (14 - 26) + (1 - -1)?
-4
What is -6 + -4 + (-10 - -1) + 23 + -6?
-2
Calculate (-2 + 8 - 2 - (-1 - -11)) + 9.
3
Calculate (-12 + 8 - 13) + (-2 - -8).
-11
Calculate -20 - 0 - (8 + (34 - 41)).
-21
What is the value of -1 - 9 - ((9 - 15 - -20) + -13)?
-11
Evaluate 35 + -22 + 14 - 48.
-21
Calculate (-17 - -14) + (1 - (2 - 0)).
-4
What is the value of 22 + (19 - 12 - 22) - 22?
-15
Evaluate 17 + (-11 - 7) - -22.
21
-5 + (-1 + 6 - (-7 + 4 + 4))
-1
Evaluate 15 + -4 - (-26 - -43).
-6
10 + (-31 - -16 - 10)
-15
What is 1 + 11 + (236 - 229)?
19
Calculate -33 - (-32 - 5 - -14).
-10
Calculate -40 - -32 - (-10 + 1).
1
What is 7 - (224 - 227 - ((0 - -2) + -8))?
4
Evaluate -9 + (-22 - -42) - (3 + 26).
-18
What is (13 - 0) + (-561 - -530)?
-18
What is the value of -11 + 5 + (-1 - (5 + 1)) + 1?
-12
(10 - (11 + -6)) + -1 + 1 + 3
8
-12 + (-4 - (-15 + 11) - 1)
-13
What is -16 - -1 - (-1850 - -1852)?
-17
What is -4 + (17 + (-20 - -6) - (-13 - -1))?
11
What is 1 + 7 + (-58 - -47) - (2 - -3)?
-8
Calculate (8 + -6 - 30) + (8 - -9).
-11
Evaluate (-9 - (-8 - -5)) + 6 + 0 + -1.
-1
(5 + (9 - 8) - (-5 + 10)) + -13
-12
0 - 2 - (-1 + 13 + -3 + 9)
-20
What is the value of (-1 - -3) + -9 - -15 - 9?
-1
Calculate 4 - (-9 + (0 - -7)) - -3.
9
(-3 - 5) + (9 - 22)
-21
Calculate 3 + -1 - 12 - (8 + 4) - -7.
-15
Calculate -1 + 16 - (-72 + 81).
6
-7 - (16 - (-4 + 25))
-2
22 + -50 + 22 + 1 + 8 - 1
2
Evaluate -14 - (4 - 6) - (3 + 5 - 3).
-17
Calculate 16 - (-4 + (-2 - -1)) - (18 - 16).
19
What is the value of -8 + 0 + 6 + (18 - 5)?
11
Evaluate 561 - 597 - (-30 + 2).
-8
What is the value of -13 + 2 - (-365 - -374)?
-20
What is -20 - (4 + -9 + -16 + 8 + 3)?
-10
(-6 - -4 - (5 - 9)) + 4
6
Evaluate 0 + 0 + 0 - (29 - 19 - 25).
15
Calculate (-4 - (1 + -2)) + (-103 - -97).
-9
What is 4 - (0 + 4 - (8 - 0))?
8
-44 + -6 + (-13 - -2) + 30
-31
Evaluate -4 + -2 + 0 + 7 + -14 - -1.
-12
Calculate (-18 + 26 - -1) + -16.
-7
Calculate 7 + (7 + -6 + 4 - -2) + -5.
9
Calculate 44 - 57 - (-30 - -4).
13
What is -6 - 3 - (3 - (-9 - -6))?
-15
Evaluate -6 - 0 - -10 - (17 + -19).
6
Evaluate (0 - -13) + 114 + -116.
11
What is the value of -4 - (-1 + -7 - (113 - 112))?
5
Calculate -9 + 5 + (-1 - 2) + (4 - -26).
23
What is the value of 47 + -9 + -11 - (11 - (4 - -3))?
23
19 - 58 - (-13 + -12 - -12)
-26
-3 + (-1 - -5) + 4 + 1
6
Calculate -8 - 19 - (-48 - -25).
-4
Evaluate 5 + 2 + -15 + (1 - 17) + 36.
12
What is the value of 31 + 5 + -27 + (-3 - 29) + -1?
-24
-19 - (8 - (20 - -2))
-5
What is the value of (5 - 4) + 20 - ((13 - 4) + 3)?
9
Evaluate (-4 - -6) + 20 - (13 + 11 - 16).
14
Calculate -14 + (14 - 27) - -19.
-8
Calculate 3 - (14 + -31 + 9) - 43.
-32
Evaluate -7 + (22 - (8 + -4)) + 5.
16
What is the value of -202 - -179 - (-5 + (-3 - -3 - -2))?
-20
Calculate 1 + -6 + (6 - 6).
-5
What is the value of -5 + -1 + 1 + -18 + 19?
-4
What is 6 + -3 + 6 + (-7 - -7)?
9
Evaluate 7 - (-89 + 23 + 42).
31
Calculate (-5 + 9 - 1) + (-28 - (17 - 20)).
-22
What is the value of 4 + 1 + -52 + 42?
-5
(7 + -30 - -6) + 39
22
Evaluate 1 + 5 + 13 + -16.
3
Evaluate 6 - -3 - (-3 - (-9 + -4)).
-1
Evaluate -10 + (-7 - (27 - 13 - 7)).
-24
Calculate (-5 - (1 + (-1 - -4))) + (288 - 311).
-32
What is 8 - (-6 - (0 + 11) - -6 - -9)?
10
What is the value of 3 + -18 - (-129 - -110)?
4
Calculate 7 + (-13 - (-10 - (13 - 10))).
7
Calculate 23 + -15 + -22 + (6 - 6 - 3).
-17
What is 4 + -5 + -2 + 4 - (-32 - -14)?
19
(31 - 18) + 7 + -7
13
-40 + 35 - -1 - (-2 - -13)
-15
Calculate 847 + -837 - (2 + (-1 - -2)).
7
What is the value of -27 + 24 - (2 + -2 - -7)?
-10
0 + (-1 - 0) + -231 + 232 + -9
-9
What is the value of (-5 - (-18 - 4)) + (-3 - 2) + 2?
14
-1 + (0 - -6) - (-92 - -99)
-2
What is the value of 9 + (-14 - -14 - (1 - 4) - 9)?
3
What is (-19 + 27 - 7) + 8 + -2?
7
Calculate (7 - 10 - (5 + -9 + -5)) + 13.
19
Calculate 1 + 5 - (19 + 9 + -12 - -8).
-18
What is (-1 - 2) + (-55 - -52) - -16?
10
Evaluate 4 - (3 - (11 - 6) - -2 - -11).
-7
Calculate -15 - (-14 + -8) - 16.
-9
Calculate (-1 - (4 + -3)) + (-9 - 15).
-26
What is 0 - -13 - (-321 + 354)?
-20
What is -1 - (0 - ((-9 - -1) + (-23 - -16)))?
-16
What is 939 + -931 + -2 + 2 + -3 + 2?
7
What is the value of 9 + 1 + (10 - 1 - (-32 - -27))?
24
What is 18 - (-31 - -7 - -28)?
14
What is the value of (45 - 40) + 0 + (2 - 1) + 1?
7
Evaluate 9 - (16 + -37 + 23).
7
Calculate 15 + 6 + 2 + -9.
14
What is the value of -3 + 1 - (-17 + (-27 - -44))?
-2
43 + -20 + -20 + 1 + 23
27
What is the value of 27 + (-47 - -21) - -28?
29
0 - 16 - (-54 + (52 - -8))
-22
Evaluate (69 - (39 - -16)) + (4 - 2).
16
Calculate 11 + -14 + -3 + -2.
-8
What is -8 + (-25 + 45 - 18)?
-6
Calculate 8 + -5 - (-120 + 111).
12
(-22 - -38) + -25 - -5
-4
Calculate -9 + (3 + 5 - (-14 + 22)).
-9
What is -5 + (34 - (-3 + 19))?
13
What is (14 - -5 - 27) + (10 - 2)?
0
Evaluate 31 + (-6 - -11) - 58.
-22
What is -16 + 7 - -1 - -2 - (-6 + 12)?
-12
29 + (-61 - -16) + -9
-25
What is (-1 - -15) + 6 + -28?
-8
What is (13 - (13 - -22)) + 11 - (-1 + -6)?
-4
What is -4 - (-2 - -8) - (-4 - -4 - -1)?
-11
What is the value of -24 - (-11 + 8) - (16 + -11)?
-26
What is (0 - -4) + -7 + (-5 - -3)?
-5
What is (12 - (-10 + 38 + -16)) + 2?
2
What is the value of 29 - ((11 - -20) + -22)?
20
Evaluate 7 + -11 - (-30 + 16).
10
What is the value of 50 - (-1 + (28 - 7))?
30
Calculate -121 + 117 + 2 + (14 - (4 + -2)).
10
Calculate (-3 - -6) + (-2 - -4) - 8.
-3
Evaluate 142 - 138 - (2 + 0).
2
What is (-16 - (-4 + (5 - 0))) + (65 - 62)?
-14
What is 74 + -60 + (2 + 1 - 34)?
-17
What is -1 + (6 - (7 - 8)) + 1 - -2?
9
Evaluate -6 - (11 + -3 - 23).
9
What is -5 + (2 - 3) + -30 + (52 - 29)?
-13
Calculate 0 - (-13 + -13 + 13 + -1).
14
Calculate -591 + 560 - (-4 - 1).
-26
Evaluate (8 - -1) + 3 - 1 - (-111 + 116).
6
Evaluate (4 - 3) + 0 + -15 + 16.
2
What is -25 + 18 + (0 - 0) + (9 - 5)?
-3
Calculate 2 + (8 - 15) + 4 - -13.
12
-31 - -27 - (-2 + (-2 - 1)) - 4
-3
Calculate (4 - 1) + (12 - ((13 - 1) + -6)).
9
-17 + 13 + -3 + -1 + -1 + 5
-4
What is -1 + (0 - -18) + (103 - (22 + 89))?
9
What is (-2 - 5) + (-10 - 0 - 1)?
-18
(16 + 9 + -4 - 25) + (1 - -31)
28
(-62 - -45) + -2 + (1 - -7 - 0)
-11
What is 4 + 1 + (247 - 239)?
13
What is -15 + (-7 - -1 - -7 - 5 - -11)?
-8
Calculate -1 + -19 - (725 + -727).
-18
What is 15 - (-3 - -67) - -22?
-27
Evaluate -13 + (-7 - (12 - 26)).
-6
Evaluate 7 - (39 - (7 + -12 - -18)).
-19
Calculate 11 + 20 + -11 + -6 + -3.
11
Evaluate 104 + -83 - (-3 - 10).
34
What is the value of (-8 - (4 - (6 - -7))) + 11?
12
Evaluate -5 + 10 + 0 - (1 - -7 - -8).
-11
Evaluate -614 + 619 + (-1 - (0 + 3)).
1
Calculate (31 - 10 - -14) + -3 + -6.
26
Calculate (7 - (-10 + 24)) + 1.
-6
Calculate (-1 + -1 - (-1 - 3)) + 44 + -63.
-17
What is 2 + -1 + -1 + (-20 - -25) - -8?
13
Calculate -9 + (4 + 11 - 9).
-3
Evaluate 8 + 5 + -3 + -18 - 20.
-28
Calculate (12 - 40) + 37 - 39.
-30
(-107 - -94 - (-10 - -1)) + -1 + 11
6
Evaluate (-161 - -152) + 4 + 1.
-4
What is the value of -2 + 12 + 9 + -8?
11
0 + 2 - (17 - 49 - -33)
1
What is the value of -2 + -1 + (-27 - -42) + -2?
10
What is the value of (4 - 11) + 23 + -36 - (-2 + -9)?
-9
What is the value of 2 + 0 + 17 + (-2 - (2 - 2))?
17
What is the value of 1 + -11 + (6 - (-2 + (-6 - -6)))?
-2
What is the value of 18 + -3 + (-30 - -12)?
-3
0 - -1 - (35 - (7 - -27))
0
Calculate (83 + -79 - (-5 - -1)) + -21.
-13
Evaluate 7 + (3 - -13) + -8 + 6 + -4.
17
Calculate 16 - (-24 - (-38 + -22)).
-20
1 - (17 + -1 + -13)
-2
What is 15 - ((3 - -17) + -18)?
13
What is -8 + 13 - -1 - 24 - 13?
-31
6 - (38 - -4 - -6 - 5 - 10)
-27
Calculate 5 + -8 + -10 + 10 - -2.
-1
What is -71 + (35 - 27) + 30?
-33
What is the value of 0 - (-1 + 1 - (2 - 7)) - 6?
-11
What is -5 - (4 - ((0 - -16) + 10 + -19))?
-2
21 + -49 + 41 - (-2 - 3)
18
Evaluate 39 - 22 - (-2 - 2).
21
Evaluate (-1 - 0) + 4 + -10.
-7
Calculate (10 - 38) + 32 + 8.
12
Calculate (25 - (1 - -9) - 18) + (-1 - -32).
28
What is 9 + -18 + 23 + -11?
3
Evaluate -1 + -5 + -3 + (16 - 1).
6
Evaluate 7 - (-5 + (15 - -3)) - (-2 + -18).
14
-5 + 5 - 7 - 0 - (3 + -3)
-7
Calculate 2 + 5 - (-7 - (1 - (8 + -3))).
10
What is 30 + -12 - 14 - (8 + (-1 - 6))?
3
Calculate (1 - 2 - 7) + 1.
-7
-16 - (14 + -10 + -6)
-14
Evaluate -3 - (6 - 5 - 8) - 5 - -11.
10
Evaluate -9 + 4 + (2 - 2) + 8 + -4.
-1
Evaluate 0 - 8 - (-11 + 